9
Let m(z) = 8*z**2 + 3*z - 7. Let q be m(-2). Suppose -q*j = 17*j - 65988. List the prime factors of j.
3, 13, 47
Let n = 2218 - 158. What are the prime factors of n/(-16)*(-4)/1?
5, 103
What are the prime factors of (-4255)/74*(652/(-6))/((-1)/(-3))?
5, 23, 163
Let f(a) = -2*a**2 + a**2 - 13 + 9*a**2 - a. Let x(y) = 152*y + 1525. Let r be x(-10). List the prime factors of f(r).
2, 7, 13
Suppose 119*f + k + 44357 = 124*f, -2*f = -k - 17744. What are the prime factors of f?
3, 2957
Let c(f) = 4*f**2 + 932. What are the prime factors of c(23)?
2, 3, 127
Let a = -34 - -48. Let w = a + 6. Suppose -2*l + 130 = -w. List the prime factors of l.
3, 5
Let v(d) = -8*d**3 + 10*d**2 + 39*d + 177. What are the prime factors of v(-9)?
2, 3, 7, 11
Suppose -102*l = -98*l - 12, -3*l + 144 = c. Suppose -w - 132 = 2*w. Let g = w + c. What are the prime factors of g?
7, 13
Let t(g) be the first derivative of -2*g**3/3 + 20*g**2 + 15. Let m be t(20). Suppose 2*k - 5*z = 170, m = 4*k - 5*z + z - 340. List the prime factors of k.
5, 17
Suppose -355*n + 357*n = 0. Suppose 5*j - 630 = -5*f + 595, n = -j + 4*f + 270. List the prime factors of j.
2, 5
Suppose 11*m - 17429 - 3522 = 5713. List the prime factors of m.
2, 3, 101
Let u(j) = -2*j**3 + 7*j**2 + j + 19. Let q be u(6). List the prime factors of ((-54)/8)/(-1 - q/160).
2, 3
Suppose -p - 3*p - 4 = 5*i, -5*p = 5*i. Suppose -p*m - 2 = 6, m + 439 = o. What are the prime factors of o?
19, 23
Let s(w) = 2*w**2 - 4*w - 13. Let d be s(-14). What are the prime factors of (-1)/(-6 + 2609/d)?
3, 5, 29
Let y be (-98)/14 - (4 + -2 + -6). What are the prime factors of (-17196)/(-42) + 3/21*y?
409
Let p be (-2)/(-7) - ((-41874)/(-98) - -12). Let k(h) = -78*h**2 + h. Let a be k(3). Let g = p - a. What are the prime factors of g?
2, 5, 13
Let l be 16/6*(-12)/(-8) - -1964. Suppose 6*a - 2364 - l = 0. Suppose -4*x + 2*d + 708 = -26, 4*x + 2*d - a = 0. What are the prime factors of x?
2, 7, 13
Let c(w) = 74*w + 3127. What are the prime factors of c(7)?
3, 5
What are the prime factors of 6 + -9 - -3 - (-58633 - 0)?
17, 3449
Let o be (2 - 1)/((-10)/(-7510)). What are the prime factors of -2*5/((-10)/o)*1?
751
Suppose -2*d + 28 = -54. Let m = d + -38. Suppose 709 = m*o + 247. What are the prime factors of o?
2, 7, 11
What are the prime factors of (-28107)/(-6)*(10 + -3*8/36)?
2, 3, 7, 347
Let w(y) = -2*y**3 - 2*y**2 + 6*y - 1. Let b be w(5). Let f = 1568 - 1967. Let m = b - f. List the prime factors of m.
2
Let a(k) = k**2 + 11*k - 4. Let w be a(-5). Suppose 5*l = -4*c - 503, c + 3*l = -134 + 10. Let d = w - c. What are the prime factors of d?
3, 31
Suppose 3*r - 3*m - 1354 = 9941, m - 5 = 0. List the prime factors of r.
2, 5, 13, 29
Let c = 14035 + 4981. What are the prime factors of c?
2, 2377
Let q = 10692 + -5173. What are the prime factors of q?
5519
Let v(j) = -24*j + 190. Let f be v(8). Let w(r) = 138*r**2 - 4*r - 8. What are the prime factors of w(f)?
2, 3, 23
Let g(t) = -32*t + 22. Let j(q) be the second derivative of -q**3/6 + q**2/2 - 7*q. Let c(f) = -2*g(f) + 44*j(f). What are the prime factors of c(3)?
2, 3, 5
Let x(g) = g**3 - 12*g**2 + 10*g + 5. Let o be x(11). Let w be o/51 + 270/(-17). What are the prime factors of 189/2 - w/(-32)?
2, 47
Suppose r + 2*d = 8607, 5*d = 5*r + 14808 - 57933. List the prime factors of r.
3, 13, 17
Suppose 14*m = 13*m + 3. Suppose -18 = -m*h - 4*u, 5*u - 20 = -5*h + 5. List the prime factors of (h/(-5) + (-755)/50)*-2.
31
Let w(f) = f**3 - 27*f**2 + 95*f - 56. Let v be w(23). Let d(g) = 3*g**2 + 16*g + 6. What are the prime factors of d(v)?
7, 103
Let n = 42045 - -667. List the prime factors of n.
2, 19, 281
Suppose 5*m - 427 = 23. Suppose -m*j = -88*j + 140. Let g = j - -93. List the prime factors of g.
23
Suppose -98*i = -120*i + 131626. What are the prime factors of i?
31, 193
Let b = 54 + -90. Let h = b + 35. What are the prime factors of h/((-7 + 4)/237) - -4?
83
Suppose 2*s = -2*s - 504. Let u be (55/25 + -3)*-270. Let l = u + s. List the prime factors of l.
2, 3, 5
Let b(g) be the second derivative of -g**5/20 - 13*g**4/12 + g**3/6 + 139*g. Let s = 27 - 41. List the prime factors of b(s).
2, 7, 13
Let g be (5 - 0 - 3) + (-3 - -1). Suppose -u + 0*u + 5*x + 928 = g, 4*u - 3644 = 3*x. List the prime factors of u.
2, 227
Let z be 9*(-1 + (-33)/9). Let s = z - -47. List the prime factors of -49*((-1)/2)/(s/10).
7
Suppose -2*h - 23*h + 619905 = 149005. List the prime factors of h.
2, 17, 277
Let m be (-319)/33 + (-2)/6 + 0. What are the prime factors of (-842)/(-8)*(14 + m)?
421
Suppose -4*h + 2*d - 5*d + 160 = 0, 3*d = -3*h + 117. Let a = 36 - h. Let c = a + 45. List the prime factors of c.
2, 19
Suppose -2*c = 18*c + 2*c. Suppose 3*s - 1237 = -3*o + 1007, c = s - 4*o - 743. What are the prime factors of s?
3, 83
Let a = -25 - -8. Let f(n) = n - 7. Let y be f(a). Let r = 89 + y. What are the prime factors of r?
5, 13
Let s(f) = -f. Let y(k) = -17*k + 6. Let p(g) = 6*s(g) - y(g). Let t be p(7). Suppose 5*r - t = 4*r. What are the prime factors of r?
71
Suppose -4*b + 9496 = -5*x, 89*x - 86*x - 9528 = -4*b. List the prime factors of b.
3, 13, 61
Let a(c) = 22*c**2 + 11*c - 17. Let j be a(7). Suppose m + 275 = 5*u - j, 0 = -u - 3*m + 289. What are the prime factors of u?
283
Suppose 16 = 4*r, -5*r - 5015 = -4*g + 3149. List the prime factors of g.
2, 3, 11, 31
Let i(f) = 10*f - 4. Let y = -750 - -751. What are the prime factors of i(y)?
2, 3
Let c = -153 - 316. Let l = 1125 + c. List the prime factors of l.
2, 41
Suppose 76*p - 71*p - 15 = 0. Suppose -f = 3*n - p - 1, 3*f - 12 = 2*n. Suppose -3*w - 3*s + 144 = 0, -f*w + 97 = 2*s - 103. What are the prime factors of w?
2, 13
Let l be 4/14 + 132/(-21). Suppose -1976*t = -1978*t - 10. List the prime factors of (-447)/t - l/(-15).
89
Suppose -2*t - 3*l = -16384, 4*t + 4*l = 6*l + 32784. List the prime factors of t.
5, 11, 149
Let c(g) = -6 - 12 - 19*g - 5*g - 3*g**2. Let d be c(-16). List the prime factors of (-1)/(-2) + d/(-12).
2, 17
Let o = -3097 - -8617. Suppose -m = -6*m + o. List the prime factors of m.
2, 3, 23
Suppose 2*s = -2*b - 2*b, 0 = -s. Suppose b = 14*t - 825 - 911. What are the prime factors of t?
2, 31
Suppose 0 = 4*s + 4*z - 36, 0 = 3*s - 8*s + 5*z + 25. Suppose 0 = 3*f - 9*l + s*l - 2850, 3*f - 2841 = 5*l. List the prime factors of f.
2, 7, 17
Let h(i) = -i**3 + 20*i**2 + 25*i. Let f(v) = -v**3 + 20*v**2 + 24*v - 1. Let j(c) = -5*f(c) + 4*h(c). What are the prime factors of j(21)?
2, 13
Let x(g) = -g + 7. Let f be x(-7). Suppose f*t - 20 = 4*t. Suppose 4*q = t*i - q - 97, q = -1. List the prime factors of i.
2, 23
Let f(z) = -z**3 + 49*z**2 + 787*z - 75. What are the prime factors of f(61)?
2, 5, 41
Let o be (-1)/((-93)/46 - -2). Let a be (-36)/(-15) - 6/15. Suppose -5*b - a*t = -4*b - o, b + 5*t - 46 = 0. List the prime factors of b.
2, 23
Let m(a) = -2*a**2 + 17*a - 6. Let f be m(7). Suppose f = 6*x - x. List the prime factors of (1/x)/((-762)/153 + 5).
17
Let f(t) = -t**2 + 4*t + 6. Let n be f(4). Let p = n + 0. Suppose -4*b - i = -32, -33 = -5*b + 2*i - p. List the prime factors of b.
7
Suppose w = 19 + 2. Suppose 0 = 4*j + c - 995, 23*j = w*j - 3*c + 495. List the prime factors of j.
3, 83
Let n(k) = -87*k + 8945. What are the prime factors of n(6)?
8423
Let o(h) = -8*h**3 + 23*h**2 - 21*h + 4. Let q(l) = 4*l**3 - 11*l**2 + 10*l - 2. Let f(w) = 2*o(w) + 5*q(w). What are the prime factors of f(7)?
5, 197
Suppose -2*w - 4*j = j - 15994, 0 = -2*w + 4*j + 16030. List the prime factors of w.
3, 17, 157
Let w = 5687 - -2516. Suppose -3*d + w = 5*v, 2*v + 13*d = 9*d + 3284. List the prime factors of v.
2, 5, 41
Let m be (-50)/(-6) + 12/(-36). What are the prime factors of 221 - m - 4/(8/(-10))?
2, 109
Let s(y) = 7162*y + 289. What are the prime factors of s(2)?
3, 4871
Let y = -76 + -24. Let o = 104 + y. Suppose o*k - 3*c = -5*c + 352, -4*c = 0. What are the prime factors of k?
2, 11
Suppose -3*f + 367 = 4. Suppose 4*r = -2*w + 234, 0*r + 5*w - f = -2*r. List the prime factors of r.
2, 29
Let p(g) = 3*g**3 - 92*g**2 - 47*g + 46. What are the prime factors of p(35)?
2, 13, 19, 29
Let c = -360 - -358. What are the prime factors of (-3 - c)/(-3) - 11208/(-18)?
7, 89
Suppose 1001 = k + 1005. Let o be (-1)/2 - 5/2. What are the 